{"id":22,"date":"2023-09-21T08:40:20","date_gmt":"2023-09-21T08:40:20","guid":{"rendered":"http:\/\/www.xn--frderverein-schillerschule-wesseling-1td.de\/?page_id=22"},"modified":"2023-09-25T18:06:14","modified_gmt":"2023-09-25T18:06:14","slug":"home","status":"publish","type":"page","link":"http:\/\/www.xn--frderverein-schillerschule-wesseling-1td.de\/","title":{"rendered":"Home"},"content":{"rendered":"\n<h2 class=\"wp-block-heading\">Herzlich Willkommen<\/h2>\n\n\n\n<p><br>Sehr geehrte Mitglieder, Freunde, F\u00f6rderer, Eltern, Lehrer*innen und nat\u00fcrlich liebe Schulkinder der Schillerschule in Wesseling!<\/p>\n\n\n\n<p>Der F\u00f6rderverein hat zum Ziel Aktionen, Projekte und Unterrichtsmaterialien, die den \u00fcblichen Rahmen und die M\u00f6glichkeiten der Schule \u00fcbersteigen, gezielt durch den F\u00f6rderverein sowohl finanziell als auch durch pers\u00f6nliches Mitwirken zu unterst\u00fctzen. Eine gute Ausstattung der Schule ist wichtig f\u00fcr die Zukunft unserer Kinder.<\/p>\n\n\n\n<p><br>Ihr \/ Euer Vorstand des F\u00f6rdervereins KGS Schillerschule Wesseling e.V.<\/p>\n","protected":false},"excerpt":{"rendered":"<p>Herzlich Willkommen Sehr geehrte Mitglieder, Freunde, F\u00f6rderer, Eltern, Lehrer*innen und nat\u00fcrlich liebe Schulkinder der Schillerschule in Wesseling! Der F\u00f6rderverein hat zum Ziel Aktionen, Projekte und Unterrichtsmaterialien, die den \u00fcblichen Rahmen und die M\u00f6glichkeiten der Schule \u00fcbersteigen, gezielt durch den F\u00f6rderverein sowohl finanziell als auch durch pers\u00f6nliches Mitwirken zu unterst\u00fctzen. Eine gute Ausstattung der Schule ist [&hellip;]<\/p>\n","protected":false},"author":1,"featured_media":0,"parent":0,"menu_order":0,"comment_status":"closed","ping_status":"closed","template":"","meta":{"_monsterinsights_skip_tracking":false,"_monsterinsights_sitenote_active":false,"_monsterinsights_sitenote_note":"","_monsterinsights_sitenote_category":0,"footnotes":""},"class_list":["post-22","page","type-page","status-publish","hentry"],"_links":{"self":[{"href":"http:\/\/www.xn--frderverein-schillerschule-wesseling-1td.de\/index.php?rest_route=\/wp\/v2\/pages\/22","targetHints":{"allow":["GET"]}}],"collection":[{"href":"http:\/\/www.xn--frderverein-schillerschule-wesseling-1td.de\/index.php?rest_route=\/wp\/v2\/pages"}],"about":[{"href":"http:\/\/www.xn--frderverein-schillerschule-wesseling-1td.de\/index.php?rest_route=\/wp\/v2\/types\/page"}],"author":[{"embeddable":true,"href":"http:\/\/www.xn--frderverein-schillerschule-wesseling-1td.de\/index.php?rest_route=\/wp\/v2\/users\/1"}],"replies":[{"embeddable":true,"href":"http:\/\/www.xn--frderverein-schillerschule-wesseling-1td.de\/index.php?rest_route=%2Fwp%2Fv2%2Fcomments&post=22"}],"version-history":[{"count":5,"href":"http:\/\/www.xn--frderverein-schillerschule-wesseling-1td.de\/index.php?rest_route=\/wp\/v2\/pages\/22\/revisions"}],"predecessor-version":[{"id":136,"href":"http:\/\/www.xn--frderverein-schillerschule-wesseling-1td.de\/index.php?rest_route=\/wp\/v2\/pages\/22\/revisions\/136"}],"wp:attachment":[{"href":"http:\/\/www.xn--frderverein-schillerschule-wesseling-1td.de\/index.php?rest_route=%2Fwp%2Fv2%2Fmedia&parent=22"}],"curies":[{"name":"wp","href":"https:\/\/api.w.org\/{rel}","templated":true}]}}